ppose 1180 = -5*u - 5*u. What is the tens digit of (u/10 + 1)/(9/(-45))?
5
Let h = 3366 - 2793. What is the units digit of h?
3
Suppose z + 30 = -48. Let p = 195 + -236. Let k = p - z. What is the units digit of k?
7
Let u = -471 - -1668. What is the tens digit of u?
9
Let b be 54 - 0/(3 + 1). Suppose 0*w - w + b = 0. Suppose 0 = 2*f + x - w, -2*f = 3*x - 6 - 56. What is the units digit of f?
5
Let b(t) = t**2 + 2*t - 11. Let v be b(-5). Suppose -4*k + 2*u + v = 4*u, 3*k = -u + 4. What is the units digit of k?
2
Let l = 47 + 7. Let t be (-104)/6 + (-1)/(-3). Let o = l + t. What is the units digit of o?
7
Let j be -436 - (1 + -4 + -1 + 1). Let p = j + 697. What is the hundreds digit of p?
2
Let x = 5584 - 3172. What is the units digit of x?
2
Let t = -38 + 38. Suppose 0 = -5*m - t*m + 320. What is the tens digit of m?
6
Let g(l) = l - 16. Let p be g(9). What is the tens digit of (-9)/(-21) + (-242)/p?
3
Let w(l) = l**2 + 6*l - 16. Let f be w(-7). Let u = f - -11. Suppose -u*z - 4*j = -0*j - 38, -j + 38 = 2*z. What is the tens digit of z?
1
Suppose 6*w - 14 = 16. Suppose -q = 3 - w. Let u(g) = g**3 - g. What is the units digit of u(q)?
6
Let z(j) = -15*j - 25. Suppose -9*b + 8*b = 8. What is the tens digit of z(b)?
9
Suppose 5*p = -2*m - 0*p + 2010, -3*m - 2*p = -3026. Suppose -k - m = -6*k - b, 4*k + 5*b = 808. What is the units digit of k?
2
Suppose 15*a - 26048 = 12802. What is the hundreds digit of a?
5
Suppose 0 = -240*j + 242*j - 710. What is the units digit of j?
5
Let j = -138 + 80. Let u = 126 + j. What is the tens digit of u?
6
What is the hundreds digit of (-45)/((-1)/12 + (-2)/72)?
4
Let p be 26136/126 - 3/7. Let s = -93 + p. What is the tens digit of s?
1
Let b(n) be the second derivative of -n**5/60 + 7*n**4/12 - 5*n**3/6 + 2*n**2 - 2*n. Let d(m) be the first derivative of b(m). What is the units digit of d(11)?
8
Suppose -5*u = -4*u - 13. What is the units digit of (u/3)/((-7)/(-168))?
4
Let c(v) = v**3 + v**2 + 222. Let y(l) = -4*l - 8. Let g be y(-2). What is the hundreds digit of c(g)?
2
Suppose 5*b + 23805 = 5*m, 0*m + 5*m = -3*b - 14259. Let l be (-4)/14 + b/(-91). Suppose -4*x + 3*f = -5*x + l, f = 4. What is the tens digit of x?
4
Suppose 2*b - 431 = -h + 383, 5*h - 4038 = -2*b. What is the tens digit of h?
0
Suppose -3*v = -5*v + 5*g - 9, 2*v = -5*g + 21. Suppose y + v*y = -4*t + 12, -3*y - 23 = -5*t. Let x = t + 37. What is the units digit of x?
1
Let l be (-9)/((-9)/2) + 218. Suppose 68 = -4*n + l. What is the units digit of n?
8
Let d(w) = w**3 + 9*w**2 + 3*w - 29. What is the tens digit of d(-8)?
1
Let z(k) = -8 - k**2 - 5*k - 3*k + 0*k**2. Let h be z(-6). Suppose j = s + h*s + 10, -5*s = -5. What is the tens digit of j?
1
Let c = -32 - -28. What is the units digit of (-1 + (-100)/8)*c?
4
Let x be (3222/(-7))/(-6) - (-4)/14. Let g = 116 - x. What is the tens digit of g?
3
Suppose 3*k = 8*k. Let v = 303 + -222. Suppose -5*i + 8*i - v = k. What is the tens digit of i?
2
Suppose 7*g - 2*g - 110 = 0. What is the tens digit of g*1/2*(-16 - -24)?
8
Let n(t) = 2*t**2 + 32*t - 5. What is the tens digit of n(-24)?
7
Let m = 23 + -11. What is the units digit of -6*(-4)/m*43?
6
Let h = 21 - 25. Let s be 6/h*(-544)/(-24). Let r = s + 49. What is the tens digit of r?
1
Let d be (-346)/(-10) + 24/(-15) + 2. Let u(c) = -c**2 + c + 9. Let y be u(0). Suppose -y = q + 2*j - d, 0 = j - 3. What is the units digit of q?
0
Suppose -4*z + 18 = 2*z. Suppose z*b + i - 48 = -b, 4*b - 32 = -5*i. What is the units digit of b?
3
Let a be (3/6)/((-4)/(-1072)). Suppose -5*h - 13 = -4*b + a, 0 = -3*b - 2*h + 93. What is the units digit of b?
3
Let y(v) = 219*v + 82. What is the tens digit of y(12)?
1
What is the hundreds digit of 9105488/3024 + ((-29)/27 - -1)?
0
Let s = 2 + 4. Let b = s - -4. Suppose 4 = b*k - 9*k. What is the units digit of k?
4
Let h be 1 - (12 - 3)/3. Let x be (-2)/(2/20*h). Let v = x + 25. What is the units digit of v?
5
Let y = 577 + 110. Suppose -u - y = -4*u. What is the tens digit of u?
2
Let p = 738 - 331. Suppose -6*q + p = -319. What is the tens digit of q?
2
Let c = 7431 + -2843. What is the tens digit of c?
8
Let c(a) be the first derivative of -a**4/4 - 9*a**3 - 3*a**2 + 56*a - 23. What is the tens digit of c(-27)?
1
Let g = 6 - -7. Suppose -g*i + 48 = -5*i. Suppose -i*u + 223 = -161. What is the tens digit of u?
6
Let a(q) = -9*q - 35. Let o(y) = -10*y - 36. Let i(x) = -6*a(x) + 5*o(x). What is the tens digit of i(23)?
2
Let y(r) = 3*r**2 + 37*r + 37. What is the units digit of y(-20)?
7
Let g be 2/9 - (-220)/(-18). What is the units digit of 105*-3*g/30?
6
Let r = 558 - 376. What is the units digit of r?
2
Let i = -329 + 745. Suppose 16*j = 14*j + i. What is the hundreds digit of j?
2
Suppose 13*b = 4388 + 2788. What is the hundreds digit of b?
5
Let p(h) = -h**2 - 10*h - 13. Let r be p(-9). What is the units digit of (-4)/3*(-2 + 154/r)?
4
Suppose -2*x - 1351 = -3*t + 1038, -4*x + 1566 = 2*t. What is the units digit of t?
3
Let f be (-8)/(-2) + 92/(-23). Suppose f*v = -3*v + 3*h + 501, 4*h = -16. What is the units digit of v?
3
Let j = -45 + 74. Suppose -j = -3*k - 11. Suppose -i - 4*g - k = -27, -3*i + 3*g - 12 = 0. What is the units digit of i?
1
Suppose 17*i - 100 = 19*i. Let w = i - -96. What is the units digit of w?
6
Let g(v) = 38*v - 38. Suppose 43 + 55 = 14*s. What is the units digit of g(s)?
8
Let r(v) = 20*v - 48. Let o be r(16). Let c = -25 + o. What is the units digit of c?
7
Let v(k) = 141*k**2 - k + 69. What is the tens digit of v(6)?
3
Let p = -489 + 3910. What is the hundreds digit of p?
4
Let b be 351/((-13)/(-52)*4*1). Suppose b = 7*a - 4*a. What is the tens digit of a?
1
Let c(g) = 2*g + 10. Let h be c(5). Suppose -4*w - h = -9*w. Suppose x = 14 + w. What is the units digit of x?
8
Suppose 342*t + 10140 = 347*t. What is the tens digit of t?
2
Suppose 16*c - 7974 = -886. What is the tens digit of c?
4
Suppose -7*i + 4*i + 5*a = -123, -2*a = 0. What is the tens digit of i?
4
Suppose 24*g = 14126 + 18874. What is the tens digit of g?
7
Suppose -4498 + 118 = -5*l. What is the units digit of l?
6
Let r(c) = -c**3 - c**2 + 5. Let m be r(0). Suppose 6 + 14 = m*t. Suppose -v = -1 - t. What is the units digit of v?
5
Let z(a) = 3*a**2 - 10*a - 9. Let u be z(10). Let p = u - 295. Let l = -70 - p. What is the units digit of l?
4
Let v(c) = 62*c**2 - c - 10. Let x be v(3). Suppose -4*l = l - x. What is the tens digit of l?
0
Let h(p) = 4*p**3 - 18*p**2 + 8*p - 4. What is the tens digit of h(7)?
4
Let g(t) = -2*t**2 + 2*t + 3. Let b be g(4). Let z = b - -21. Suppose 0 = -z*u + 2*u - 36. What is the tens digit of u?
1
Let i be -4 - 4/((-12)/177). Let a = i - -36. What is the tens digit of a?
9
Let a = 415 + 77. What is the hundreds digit of a?
4
Let x(u) = 2*u**2 + 16*u**3 + 0*u**3 - u + 4*u**3 + 4*u**3. What is the units digit of x(2)?
8
Let p = 435 + -248. Suppose 0 = -4*v - p - 165. Let c = -60 - v. What is the units digit of c?
8
Let u = 346 - 549. Let r = 311 + u. What is the units digit of r?
8
Suppose t = 8*t - 1960. What is the hundreds digit of t?
2
Let d(r) = r**2 + r - 1. Let p be d(-1). Let t be (36/(-10) - -2)*-10. Let k = t + p. What is the tens digit of k?
1
Let k = -17 + 8. Let j = k + 23. What is the units digit of j?
4
What is the hundreds digit of (-796)/((5 + -1)/(-2))?
3
Let j = 56 - 51. Suppose -2*i + j*o = -138 - 45, 0 = 5*i - 2*o - 489. What is the units digit of i?
9
Let g(q) = q**3 + q**2 - q. Let y(b) be the first derivative of -5*b**4/4 - b**2/2 + 4*b - 4. Let i(m) = -4*g(m) - y(m). What is the units digit of i(4)?
6
Let d(c) = 2*c**3 + c**2 - c - 1. Let h be d(-2). Let x(u) = -u**2 - 12*u - 8. Let y be x(h). Suppose y*v - 126 + 12 = 0. What is the units digit of v?
8
Let v be 10*(0 - 2/5). What is the hundreds digit of v/(-9) - 23506/(-126)?
1
Suppose x = -3*a + 136, 6*a - 24 = 5*a + 5*x. What is the units digit of a?
4
Suppose 4*y - 26 = 2. Let g(m) = m - 4. Let x be g(y). Suppose -75 = -0*q - x*q. What is the tens digit of q?
2
Let u be 1 + -3 - -26 - 3. Suppose -t - 3 + u = 0. What is the tens digit of t?
1
Let p = -23 - -118. Suppose -3*f + k = -p, k - 23 = -f - 3*k. Suppose -3*x = -f + 10. What is the units digit of x?
7
Let j = 23 - 29. Let f(n) = -n**3 - 6*n**2 - 2*n - 1